 Calculate the highest common divisor of 26 and o.
13
Suppose 0 = -y + 5*k + 21, y - k + 2*k - 15 = 0. Let x = 3 + -2. Let q be (-2)/(-2) - -8 - x. What is the greatest common factor of q and y?
8
Let w be (25 + -13)*6/4. Suppose 2*v = -d + 24, w = v + 5*d - 3*d. Calculate the greatest common factor of 4 and v.
2
Suppose 9 + 3 = -4*t. Suppose -p = -1 + 9. Let q be (p/t)/(1/6). Calculate the highest common factor of q and 2.
2
Let w be (1 - 0) + 0 - -1. Let f be (1/w - 0)*42. What is the highest common divisor of f and 3?
3
Suppose -23 = -5*n + 4*s, -n - s - 17 = -6*n. Suppose -4*h + 3*k + 27 = 0, -4*h + k = -n*k - 28. Calculate the highest common factor of 18 and h.
6
Suppose -15 = 2*q + 15. Let z = 25 + q. What is the highest common factor of z and 10?
10
Let h be (-55)/(-4) + 2/8. Suppose 73 = 3*w + 2*l, 0 = -w - 3*l + 9 + 27. What is the highest common factor of w and h?
7
Suppose 5*g - 15 + 6 = 2*w, -4*g = -4. Let t = 4 + w. What is the highest common factor of 6 and t?
2
Let v(u) = 2*u + 14. Let r(h) = -6*h - 41. Let t(j) = 6*r(j) + 17*v(j). Let s be t(-8). Calculate the highest common factor of s and 40.
8
Let y = 18 - 44. Let l be y/5*20/(-8). What is the highest common factor of 143 and l?
13
Let k(n) be the third derivative of n**6/120 - n**5/10 + 5*n**4/24 + n**3/6 - 4*n**2. Let q be k(5). Calculate the greatest common divisor of q and 11.
1
Suppose -5*t = -5*u + 45, t - 61 = -7*u + 3*u. What is the highest common factor of 28 and u?
14
Let a(t) = -t - 2. Let p be a(-5). Let o = 25 - 14. Suppose o = 4*d - 1. Calculate the greatest common factor of p and d.
3
Let x = -65 + 84. Calculate the highest common factor of 76 and x.
19
Let p = -12 + 14. Let i = 63 + -45. What is the greatest common factor of i and p?
2
Suppose 0 = 5*q + 5*a - 30, q = -2*q - a + 28. Let f = q + -7. Let u(z) = 18*z. Let h be u(2). What is the greatest common factor of f and h?
4
Let b = -11 + -6. Let x be (b - 3)*6/(-4). Let m(j) = j**2 + 7*j - 3. Let s be m(-9). Calculate the greatest common factor of x and s.
15
Let i be ((-30)/25)/((-4)/170). Calculate the greatest common divisor of 34 and i.
17
Let o(a) = a**3 + 3*a**2 + 1. Suppose -2*s = 5*b - s + 10, 4*s - 29 = 3*b. Let m be o(b). Let q = -5 - -6. What is the highest common factor of m and q?
1
Let h = 4 + 2. Let c(w) = 5*w - 4*w + 4*w**2 + 2 + 2*w. Let z be c(-2). Calculate the greatest common divisor of z and h.
6
Let c = -32 - -43. Let m be (-3)/9 + 364/3. Calculate the highest common divisor of c and m.
11
Suppose 3*l - 2*a = 29, 3*l + 4*a - 25 = 2*a. Calculate the greatest common factor of l and 3.
3
Suppose 4*t - 2 = 5*p, -3*p - t + 0 - 8 = 0. Let j be (-15)/p + 1/(-2). Let s = 48 + -27. Calculate the greatest common divisor of s and j.
7
Let c be (-6)/9 - (-100)/6. Suppose -4*o + 2*a = c, -5*o - a - 38 = a. Let u be 8/o*210/(-4). Calculate the greatest common divisor of 10 and u.
10
Let z = -30 + 41. Calculate the highest common divisor of z and 77.
11
Let l = 77 + -47. Let z be (-2)/(4/34) - 0. Let o = z + l. Calculate the greatest common divisor of 117 and o.
13
Let t = 6 + -4. Suppose -720 = -t*y - y. Calculate the greatest common factor of 24 and y.
24
Suppose 4*v - 60 = -4*x, -2*x + 0*x + 2*v + 10 = 0. Suppose 7*r - 4*p = 2*r - 10, -2*p + x = 0. What is the greatest common divisor of 3 and r?
1
Suppose 5*p - 4*k + 2*k - 8 = 0, 5*p = -k - 4. Suppose -3*h = -s - p*s - 35, 2*h = -4*s. Calculate the greatest common factor of h and 60.
10
Let d = -53 + 59. Suppose -134 = -3*v + 5*i, -4*v + 32 = 3*i - 166. Calculate the greatest common divisor of v and d.
6
Let n = 12 - -6. What is the greatest common divisor of n and 6?
6
Let n(q) = q**2 - 5*q + 7. Let w be n(5). Calculate the highest common factor of 35 and w.
7
Let q(z) = 5 + 0*z**2 - 6 - 6*z + 6 - z**2. Let i be q(-6). Suppose -8 = -i*s + 72. What is the greatest common factor of 48 and s?
16
Let d(y) = y - 1. Let w(n) = -n**2 + 8*n - 11. Let j(b) = 6*d(b) - w(b). Let a be j(4). What is the greatest common divisor of 52 and a?
13
Let p = -43 - -109. What is the greatest common factor of 22 and p?
22
Let x(y) = -y - 9. Let o be x(-6). Let r be (2/o)/((-6)/45). Let k = 19 - r. Calculate the highest common divisor of k and 126.
14
Let b = -9 + 30. Let v be (5/3)/(12/36). Suppose 4*f - 215 = -g, v*g - f = 389 + 770. What is the greatest common factor of b and g?
21
Let u(a) = 2*a**2 - a + 2. Let i be u(2). Calculate the greatest common divisor of i and 2.
2
Let i = -24 - -112. Calculate the greatest common factor of 16 and i.
8
Let z = 28 + -22. What is the highest common divisor of 24 and z?
6
Suppose -5*s = 4*i - 1045, 4*s + i - 1132 = -296. What is the highest common factor of 19 and s?
19
Suppose -5*o - 51 = 2*b - 141, b = 2*o - 27. Let j = o + -7. Let d be j/(0 + -3) + 24. Calculate the greatest common divisor of 7 and d.
7
Let j = 7 - 7. Suppose j = 2*x + 1 - 3. What is the highest common divisor of x and 8?
1
Let r be -2 + (0 - 2 - -3). Let u = 10 - r. What is the greatest common divisor of u and 99?
11
Let f be (-3)/(-2)*4/6. Calculate the highest common divisor of f and 3.
1
Let s be (-5)/(-15) + 377/3. Suppose -4*j - d = 2*d - 252, -2*j + d + s = 0. Suppose -2*k + 3*k = 7. What is the greatest common factor of k and j?
7
Let x be 1/2*2 - -1. Let d be (0 + -40)/((-1)/x). What is the greatest common factor of d and 16?
16
Let g = -23 - -31. Calculate the highest common factor of g and 8.
8
Suppose 17*i + 20 = 22*i. Calculate the greatest common factor of 6 and i.
2
Suppose 1 = 3*v + b - 12, 3*v - 2*b = 19. Let c = 5 - -4. Suppose -c = -5*z - 4*u, -2*u - 37 = -v*z + u. What is the highest common factor of z and 10?
5
Let h(u) be the first derivative of -3 + u - 9/2*u**4 + 1/2*u**2 + 0*u**3. Let t be h(-1). Calculate the greatest common divisor of 162 and t.
18
Suppose -12*y + 17*y - 65 = 0. Calculate the greatest common factor of 130 and y.
13
Let i(u) = -5*u**2 - 4*u**2 + u - 3*u**3 - 4 + 5*u**2 + u**3. Let x be i(-4). Let g(y) = 13*y + 1. Let h be g(1). What is the highest common factor of x and h?
14
Let l(r) = r + 9. Suppose -5*g = -5*o + 60, -3*o + 4*g = -0*g - 37. Let k = -16 + o. Let m be l(k). What is the greatest common divisor of m and 12?
4
Let q = -2516 + 881. Let d be 1/(-4) - q/12. What is the greatest common divisor of 17 and d?
17
Let p(n) = -n + 33. Let a be p(0). Let f be 1/(2/(-4)) + -1. Let g(i) = -3*i - 6. Let l be g(f). What is the greatest common divisor of a and l?
3
Let q = 0 + 8. Let u(k) = 22*k**2 - 2*k. Let g be u(1). What is the greatest common factor of g and q?
4
Suppose 338 = -d + 14*d. What is the greatest common divisor of d and 91?
13
Let w = -2 + 6. Suppose 0 = r - 2 - 10. What is the highest common factor of w and r?
4
Suppose 47 = 5*i - 28. What is the highest common factor of i and 3?
3
Suppose -5*q - 275 = -3*j, j - 3*q = 33 + 52. What is the highest common factor of 20 and j?
20
Let r be 4/6*525/50. What is the greatest common factor of r and 63?
7
Let y = -38 + 98. What is the greatest common divisor of 20 and y?
20
Let q(a) be the second derivative of 9*a**4/4 + a**3/3 - a**2 - a. Let l be q(2). Calculate the highest common divisor of 22 and l.
22
Let p be ((-15)/(-10))/((-1)/(-2)) + 13. Calculate the highest common divisor of 112 and p.
16
Let u = -28 + 64. Calculate the highest common factor of u and 54.
18
Suppose -z - s + 20 = s, 5*z + 5*s = 100. What is the highest common divisor of z and 120?
20
Let p = 8 - 2. Suppose -5*q + p*q = 11. What is the highest common divisor of q and 77?
11
Suppose 5*i - 4*m - 26 = 0, -5*m = 4*i - 20 - 9. Calculate the highest common factor of i and 2.
2
Let z = -16 + 27. Calculate the greatest common divisor of z and 77.
11
Let q be (0/2)/(1*2). Suppose 16 - 61 = -5*h. Suppose -4*j + 4*t + 32 = q, 3*j + 5*t - h = 31. What is the highest common divisor of 4 and j?
2
Let j = 56 + -22. What is the greatest common factor of 51 and j?
17
Let j be 8/(-12) - (-83)/3. What is the highest common divisor of 18 and j?
9
Suppose -3*h - h + 576 = 0. What is the highest common divisor of 16 and h?
16
Let l be 1180/14 - 2/7. Let v = 75 - 106. Let t = v + 43. What is the greatest common factor of l and t?
12
Let w be (4 - 9 - -19) + -4. Calculate the highest common divisor of 